{"id":242,"date":"2025-03-22T12:31:42","date_gmt":"2025-03-22T11:31:42","guid":{"rendered":"https:\/\/villasabi.fr\/?page_id=242"},"modified":"2025-03-31T12:32:32","modified_gmt":"2025-03-31T10:32:32","slug":"politique-de-confidentialite","status":"publish","type":"page","link":"https:\/\/villasabi.fr\/?page_id=242","title":{"rendered":"Politique de confidentialit\u00e9"},"content":{"rendered":"\n<p>La pr\u00e9sente politique de confidentialit\u00e9 est con\u00e7ue en conformit\u00e9 avec le R\u00e8glement UE 2016\/679 sur la protection des donn\u00e9es (RGPD) et repose sur votre consentement \u00e9clair\u00e9.<\/p>\n\n\n\n<p>Son but est de vous informer sur la mani\u00e8re dont vos donn\u00e9es personnelles sont trait\u00e9es. Cette politique ne concerne que les informations collect\u00e9es directement par ce site, bien qu\u2019il puisse contenir des liens vers d&rsquo;autres sites externes. Nous ne pouvons garantir que ces sites suivent la m\u00eame politique de confidentialit\u00e9, et nous vous recommandons de consulter leurs propres politiques avant de soumettre vos donn\u00e9es personnelles.<\/p>\n\n\n\n<p><strong>Villa SABI<\/strong> se r\u00e9serve le droit de modifier cette politique de confidentialit\u00e9 \u00e0 tout moment, ces modifications prenant effet imm\u00e9diatement. En utilisant ce site, vous acceptez la politique de confidentialit\u00e9 en vigueur. <strong>Villa SABI <\/strong>vous conseille de consulter r\u00e9guli\u00e8rement cette page pour rester inform\u00e9 et maintenir votre consentement.<\/p>\n\n\n\n<p><strong><u>Responsable du Site<\/u><\/strong><\/p>\n\n\n\n<p>Le site est \u00e9dit\u00e9 par WordPress par et pour l\u2019entreprise <strong>Villa SABI<\/strong><strong>, <\/strong>repr\u00e9sent\u00e9e par <strong>Mme Gwenola Diouron et <\/strong><strong>dont le si\u00e8ge social est situ\u00e9 <\/strong><strong>\u00e0 Traon Izella 29590 Saint S\u00e9gal<\/strong><strong>.<\/strong><\/p>\n\n\n\n<p>Cette derni\u00e8re est responsable du traitement des donn\u00e9es.<\/p>\n\n\n\n<p>Pour toute question relative \u00e0 la collecte et au traitement de vos donn\u00e9es personnelles, vous pouvez envoyer un mail \u00e0 l&rsquo;adresse suivante : <a href=\"mailto:contact@villasabi.fr\"><strong>contact@<\/strong><strong>villasabi<\/strong><strong>.fr<\/strong><\/a> ou contacter Villa SABI via le formulaire ci-joint :<\/p>\n\n\n\n<figure class=\"wp-block-image size-large is-resized\"><a href=\"https:\/\/villasabi.fr\/?page_id=269\"><img loading=\"lazy\" decoding=\"async\" width=\"1024\" height=\"535\" src=\"https:\/\/villasabi.fr\/wp-content\/uploads\/2025\/03\/contactez-moi-1024x535.png\" alt=\"formulaire de contact\" class=\"wp-image-182\" style=\"width:142px;height:auto\" srcset=\"https:\/\/villasabi.fr\/wp-content\/uploads\/2025\/03\/contactez-moi-1024x535.png 1024w, https:\/\/villasabi.fr\/wp-content\/uploads\/2025\/03\/contactez-moi-300x157.png 300w, https:\/\/villasabi.fr\/wp-content\/uploads\/2025\/03\/contactez-moi-768x401.png 768w, https:\/\/villasabi.fr\/wp-content\/uploads\/2025\/03\/contactez-moi.png 1200w\" sizes=\"auto, (max-width: 767px) 89vw, (max-width: 1000px) 54vw, (max-width: 1071px) 543px, 580px\" \/><\/a><\/figure>\n\n\n\n<p><\/p>\n\n\n\n<p><strong><u>Informations collect\u00e9es<\/u><\/strong><\/p>\n\n\n\n<p>Lors de votre visite sur ce site, vous restez anonyme. Les informations collect\u00e9es pendant votre navigation servent \u00e0 analyser votre comportement et l&rsquo;utilisation du site pour am\u00e9liorer votre exp\u00e9rience utilisateur.<\/p>\n\n\n\n<p>Les autres donn\u00e9es personnelles pouvant \u00eatre collect\u00e9es, telles que votre nom, pr\u00e9nom, adresse, num\u00e9ro de t\u00e9l\u00e9phone ou adresse e-mail, ne sont collect\u00e9es que si vous choisissez de nous les fournir, par exemple en remplissant le formulaire de contact, pour une demande de devis ou d&rsquo;information, ou si vous souhaitez \u00eatre recontact\u00e9(e).<\/p>\n\n\n\n<p><strong>Villa SABI<\/strong> s\u2019engage \u00e0 ne collecter que les informations strictement n\u00e9cessaires au traitement de votre demande.<\/p>\n\n\n\n<p>En contactant <strong>Villa SABI<\/strong>, vous garantissez l&rsquo;exactitude des donn\u00e9es personnelles que vous fournissez.<\/p>\n\n\n\n<p><strong><u>Pourquoi collect<\/u><\/strong><strong><u>er<\/u><\/strong><strong><u> vos donn\u00e9es personnelles<\/u><\/strong><strong> ?<\/strong><\/p>\n\n\n\n<p>Vos donn\u00e9es personnelles sont collect\u00e9es pour : g\u00e9rer et maintenir la relation client (demandes de renseignements, devis, traitement des demandes, communication d\u2019offres commerciales, am\u00e9lioration de la navigation sur le site, personnalisation des services, authentification des donn\u00e9es, pr\u00e9vention des incidents de s\u00e9curit\u00e9, etc.).<\/p>\n\n\n\n<p>Cette collecte repose \u00e0 la fois sur les obligations l\u00e9gales de <strong>Villa SABI<\/strong> et sur votre consentement.<\/p>\n\n\n\n<p><strong><u>Utilisation de vos donn\u00e9es personnelles<\/u><\/strong><\/p>\n\n\n\n<p>Les donn\u00e9es personnelles fournies sont trait\u00e9es par notre entreprise, en tant que responsable du traitement du site.<\/p>\n\n\n\n<p><strong>Villa SABI <\/strong>s\u2019engage \u00e0 respecter la confidentialit\u00e9 de vos donn\u00e9es et \u00e0 les utiliser uniquement dans le cadre des finalit\u00e9s pour lesquelles elles ont \u00e9t\u00e9 collect\u00e9es. Ces donn\u00e9es ne seront pas conserv\u00e9es plus longtemps que n\u00e9cessaire, soit pendant toute la dur\u00e9e de notre collaboration, et au-del\u00e0, dans le respect des d\u00e9lais l\u00e9gaux de prescription. Elles seront ensuite supprim\u00e9es.<\/p>\n\n\n\n<p>Dans certains cas, nous pourrions \u00eatre amen\u00e9s \u00e0 partager vos donn\u00e9es avec des sous-traitants tels que certains artisans avec qui <strong>Villa SABI<\/strong> pourrait \u00eatre amen\u00e9e \u00e0 collaborer mais \u00e9galement notre h\u00e9bergeur du site, par exemple. Nous nous assurons que ces transferts respectent la pr\u00e9sente politique et les normes de s\u00e9curit\u00e9 appropri\u00e9es.<\/p>\n\n\n\n<p><strong><u>Dur\u00e9e de conservation<\/u><\/strong><\/p>\n\n\n\n<p>Les donn\u00e9es personnelles collect\u00e9es sont conserv\u00e9es pendant la dur\u00e9e n\u00e9cessaire pour atteindre les objectifs pr\u00e9cis\u00e9s ci-dessus, et dans la limite des d\u00e9lais l\u00e9gaux pour r\u00e9pondre \u00e0 des obligations ou \u00e0 des litiges.<\/p>\n\n\n\n<p><strong><u>Protection de vos donn\u00e9es<\/u><\/strong><\/p>\n\n\n\n<p>En tant que responsable du traitement, <strong>Villa SABI<\/strong> met en place des mesures techniques et organisationnelles adapt\u00e9es pour prot\u00e9ger vos donn\u00e9es personnelles contre toute alt\u00e9ration, perte accidentelle ou illicite, ou tout acc\u00e8s non autoris\u00e9. Cela inclut la mise en \u0153uvre d&rsquo;une politique de s\u00e9curit\u00e9 informatique, la sensibilisation \u00e0 la confidentialit\u00e9, ainsi que la s\u00e9curisation de nos outils informatiques.<\/p>\n\n\n\n<p><strong><u>Vos droits<\/u><\/strong><\/p>\n\n\n\n<p>Vous avez la possibilit\u00e9 de ne pas nous fournir de donn\u00e9es personnelles. Dans ce cas, vous pourrez toujours naviguer sur le site <strong>villasabi.fr<\/strong><strong>,<\/strong> mais certaines fonctionnalit\u00e9s seront inaccessibles (par exemple, la possibilit\u00e9 de demander un contact par voie informatique).<\/p>\n\n\n\n<p>Vous disposez \u00e9galement des droits suivants sur vos donn\u00e9es personnelles :<\/p>\n\n\n\n<ul class=\"wp-block-list\">\n<li>Droit d\u2019acc\u00e8s : conna\u00eetre les donn\u00e9es que nous d\u00e9tenons \u00e0 votre sujet.<\/li>\n\n\n\n<li>Droit de rectification : demander la modification de vos informations.<\/li>\n\n\n\n<li>Droit de suppression : demander l\u2019effacement de vos donn\u00e9es.<\/li>\n\n\n\n<li>Droit \u00e0 la limitation du traitement : restreindre l\u2019utilisation de vos donn\u00e9es.<\/li>\n\n\n\n<li>Droit d\u2019opposition : refuser le traitement de vos donn\u00e9es pour des raisons l\u00e9gitimes.<\/li>\n<\/ul>\n\n\n\n<p>Vous pouvez exercer ces droits en nous contactant \u00e0 l\u2019adresse suivante : <strong>contact@<\/strong><strong>villasabi<\/strong><strong>.fr<\/strong>.<\/p>\n\n\n\n<p>Si vous estimez que vos droits ne sont pas respect\u00e9s, vous avez le droit d\u2019introduire une r\u00e9clamation aupr\u00e8s de la CNIL. <strong>Villa SABI<\/strong> vous encourage \u00e0 consulter leur site (www.cnil.fr) pour en savoir plus sur la proc\u00e9dure, bien qu&rsquo;il soit recommand\u00e9 de nous contacter d\u2019abord pour tenter de r\u00e9soudre la situation.<\/p>\n\n\n\n<p>Vous avez \u00e9galement un droit d\u2019opposition et \u00e0 la portabilit\u00e9 de vos donn\u00e9es, c\u2019est-\u00e0-dire \u00e0 recevoir vos informations personnelles dans un format structur\u00e9 et couramment utilis\u00e9 pour les transf\u00e9rer \u00e0 un autre prestataire.<\/p>\n\n\n\n<p><strong>Questions<\/strong><\/p>\n\n\n\n<p>Pour toute question relative \u00e0 cette politique de confidentialit\u00e9 ou \u00e0 vos donn\u00e9es personnelles, n\u2019h\u00e9sitez pas \u00e0 nous contacter \u00e0 <strong>contact@<\/strong><strong>villasabi<\/strong><strong>.fr<\/strong> , nous \u00e9crire \u00e0 l\u2019adresse suivante : <strong>Traon Izella 29590 Saint S\u00e9gal<\/strong> ou nous contacter via le formulaire ci joint :<\/p>\n\n\n\n<figure class=\"wp-block-image size-large is-resized\"><a href=\"https:\/\/villasabi.fr\/?page_id=269\"><img loading=\"lazy\" decoding=\"async\" width=\"1024\" height=\"535\" src=\"https:\/\/villasabi.fr\/wp-content\/uploads\/2025\/03\/contactez-moi-1024x535.png\" alt=\"formulaire de contact\" class=\"wp-image-182\" style=\"width:141px;height:auto\" srcset=\"https:\/\/villasabi.fr\/wp-content\/uploads\/2025\/03\/contactez-moi-1024x535.png 1024w, https:\/\/villasabi.fr\/wp-content\/uploads\/2025\/03\/contactez-moi-300x157.png 300w, https:\/\/villasabi.fr\/wp-content\/uploads\/2025\/03\/contactez-moi-768x401.png 768w, https:\/\/villasabi.fr\/wp-content\/uploads\/2025\/03\/contactez-moi.png 1200w\" sizes=\"auto, (max-width: 767px) 89vw, (max-width: 1000px) 54vw, (max-width: 1071px) 543px, 580px\" \/><\/a><\/figure>\n","protected":false},"excerpt":{"rendered":"<p>La pr\u00e9sente politique de confidentialit\u00e9 est con\u00e7ue en conformit\u00e9 avec le R\u00e8glement UE 2016\/679 sur la protection des donn\u00e9es (RGPD) et repose sur votre consentement \u00e9clair\u00e9. Son but est de vous informer sur la mani\u00e8re dont vos donn\u00e9es personnelles sont trait\u00e9es. Cette politique ne concerne que les informations collect\u00e9es directement par ce site, bien qu\u2019il &hellip; <\/p>\n<p class=\"link-more\"><a href=\"https:\/\/villasabi.fr\/?page_id=242\" class=\"more-link\">Continuer la lecture<span class=\"screen-reader-text\"> de &laquo;&nbsp;Politique de confidentialit\u00e9&nbsp;&raquo;<\/span><\/a><\/p>\n","protected":false},"author":1,"featured_media":0,"parent":0,"menu_order":0,"comment_status":"closed","ping_status":"closed","template":"","meta":{"footnotes":""},"class_list":["post-242","page","type-page","status-publish","hentry"],"_links":{"self":[{"href":"https:\/\/villasabi.fr\/index.php?rest_route=\/wp\/v2\/pages\/242","targetHints":{"allow":["GET"]}}],"collection":[{"href":"https:\/\/villasabi.fr\/index.php?rest_route=\/wp\/v2\/pages"}],"about":[{"href":"https:\/\/villasabi.fr\/index.php?rest_route=\/wp\/v2\/types\/page"}],"author":[{"embeddable":true,"href":"https:\/\/villasabi.fr\/index.php?rest_route=\/wp\/v2\/users\/1"}],"replies":[{"embeddable":true,"href":"https:\/\/villasabi.fr\/index.php?rest_route=%2Fwp%2Fv2%2Fcomments&post=242"}],"version-history":[{"count":4,"href":"https:\/\/villasabi.fr\/index.php?rest_route=\/wp\/v2\/pages\/242\/revisions"}],"predecessor-version":[{"id":349,"href":"https:\/\/villasabi.fr\/index.php?rest_route=\/wp\/v2\/pages\/242\/revisions\/349"}],"wp:attachment":[{"href":"https:\/\/villasabi.fr\/index.php?rest_route=%2Fwp%2Fv2%2Fmedia&parent=242"}],"curies":[{"name":"wp","href":"https:\/\/api.w.org\/{rel}","templated":true}]}}