{"id":9,"date":"2025-03-06T17:37:39","date_gmt":"2025-03-06T16:37:39","guid":{"rendered":"http:\/\/villasabi.fr\/?page_id=9"},"modified":"2025-07-14T16:22:07","modified_gmt":"2025-07-14T14:22:07","slug":"a-propos-de","status":"publish","type":"page","link":"https:\/\/villasabi.fr\/?page_id=9","title":{"rendered":"A propos"},"content":{"rendered":"\n<p class=\"has-small-font-size\"><strong>Villa SABI <\/strong>est le fruit d\u2019une reconversion, r\u00e9sultat d\u2019un riche parcours professionnel et personnel.<\/p>\n\n\n\n<p class=\"has-small-font-size\">Apr\u00e8s avoir obtenu un BAC Tertiaire, j\u2019ai effectu\u00e9 un passage en facult\u00e9 de G\u00e9ographie, puis me suis orient\u00e9e vers un BTS Tourisme. J\u2019ai pu mettre en pratique ses enseignements aupr\u00e8s de plusieurs structures comme l\u2019Office de Tourisme de Crozon, la ville de Brest, la Brittany Ferries, r\u00e9sidences touristiques, h\u00f4tels (Relais &amp; Ch\u00e2teaux).<\/p>\n\n\n\n<p class=\"has-small-font-size\">Grandir dans le commerce de mes parents m\u2019a enseign\u00e9 le respect de la client\u00e8le et un tr\u00e8s bon relationnel. J\u2019ai \u00e9galement travaill\u00e9 dans le secteur du commerce, sp\u00e9cialis\u00e9 dans le b\u00e2timent. A mes heures perdues, j\u2019ai obtenu un CAP de Tapissi\u00e8re d\u2019ameublement.<\/p>\n\n\n\n<p class=\"has-small-font-size\">J\u2019ai eu la chance de vivre \u00e0 l\u2019\u00e9tranger, au Gabon et au Qu\u00e9bec et de visiter plusieurs pays tel que le Mexique, l\u2019Inde, le N\u00e9pal, l\u2019Espagne, l\u2019Irlande. Le go\u00fbt du voyage et de la d\u00e9couverte sont un h\u00e9ritage et un cadeau familial.<\/p>\n\n\n\n<p class=\"has-small-font-size\">Je parle un anglais interm\u00e9diaire et ai quelques notions d\u2019espagnol.<\/p>\n\n\n\n<p class=\"has-small-font-size\">Je me ferai une joie de vous rencontrer pour \u00e9tablir un lien de confiance et vous servir.<\/p>\n\n\n\n<p class=\"has-small-font-size\">Gwenola.<\/p>\n\n\n\n<p><\/p>\n\n\n\n<figure class=\"wp-block-image size-full is-resized is-style-rounded\"><img loading=\"lazy\" decoding=\"async\" width=\"1682\" height=\"1682\" src=\"https:\/\/villasabi.fr\/wp-content\/uploads\/2025\/03\/20250215_133348.jpg\" alt=\"\" class=\"wp-image-134\" style=\"width:213px;height:auto\" srcset=\"https:\/\/villasabi.fr\/wp-content\/uploads\/2025\/03\/20250215_133348.jpg 1682w, https:\/\/villasabi.fr\/wp-content\/uploads\/2025\/03\/20250215_133348-300x300.jpg 300w, https:\/\/villasabi.fr\/wp-content\/uploads\/2025\/03\/20250215_133348-1024x1024.jpg 1024w, https:\/\/villasabi.fr\/wp-content\/uploads\/2025\/03\/20250215_133348-150x150.jpg 150w, https:\/\/villasabi.fr\/wp-content\/uploads\/2025\/03\/20250215_133348-768x768.jpg 768w, https:\/\/villasabi.fr\/wp-content\/uploads\/2025\/03\/20250215_133348-1536x1536.jpg 1536w, https:\/\/villasabi.fr\/wp-content\/uploads\/2025\/03\/20250215_133348-100x100.jpg 100w\" sizes=\"auto, (max-width: 767px) 89vw, (max-width: 1000px) 54vw, (max-width: 1071px) 543px, 580px\" \/><\/figure>\n\n\n\n<p class=\"has-x-large-font-size\"><\/p>\n\n\n\n<p class=\"has-small-font-size\"><em>[EN]<\/em> *************************************************************************************************<\/p>\n\n\n\n<p class=\"has-medium-font-size\"><\/p>\n\n\n\n<p class=\"has-medium-font-size\"><em>About :<\/em><\/p>\n\n\n\n<p class=\"has-small-font-size\"><em><strong>Villa SABI<\/strong> is a reconversion, the result of a rich professional and personal career.<\/em><\/p>\n\n\n\n<p class=\"has-small-font-size\"><em>After graduating with a BAC in the tertiary sector, I studied Geography at university and then went on to do a BTS in Tourism. I&rsquo;ve been able to put into practice to a number of organisations, including the Crozon Tourist Office, Brest city, Brittany Ferries, tourist residences, hotels (Relais &amp; Ch\u00e2teaux).<\/em><\/p>\n\n\n\n<p class=\"has-small-font-size\"><em>Growing up in my parents&rsquo; business taught me respect for customers and good interpersonal skills. I&rsquo;ve also worked in the commercial sector, mainly in construction<\/em>. <em>In my spare time, I obtained a CAP in Upholstery.<\/em><\/p>\n\n\n\n<p class=\"has-small-font-size\"><em>I&rsquo;ve been lucky enough to live in Gabon and Quebec, and to visit countries such as Mexico, India, Nepal, Spain and Ireland. My taste for travel and discovery is both a heritage and a family gift.<\/em><\/p>\n\n\n\n<p class=\"has-small-font-size\"><em>I have an intermediate level of English and some Spanish.<\/em><\/p>\n\n\n\n<p class=\"has-small-font-size\"><em>I would be delighted to meet you and establish a relationship of trust to serve you.<\/em><\/p>\n\n\n\n<p class=\"has-small-font-size\"><em>Gwenola<\/em><\/p>\n\n\n\n<p><\/p>\n\n\n\n<figure class=\"wp-block-image size-large is-resized\"><a href=\"https:\/\/villasabi.fr\/?page_id=269\"><img loading=\"lazy\" decoding=\"async\" width=\"1024\" height=\"535\" src=\"https:\/\/villasabi.fr\/wp-content\/uploads\/2025\/03\/contactez-moi-1024x535.png\" alt=\"formulaire de contact\" class=\"wp-image-182\" style=\"width:222px;height:auto\" srcset=\"https:\/\/villasabi.fr\/wp-content\/uploads\/2025\/03\/contactez-moi-1024x535.png 1024w, https:\/\/villasabi.fr\/wp-content\/uploads\/2025\/03\/contactez-moi-300x157.png 300w, https:\/\/villasabi.fr\/wp-content\/uploads\/2025\/03\/contactez-moi-768x401.png 768w, https:\/\/villasabi.fr\/wp-content\/uploads\/2025\/03\/contactez-moi.png 1200w\" sizes=\"auto, (max-width: 767px) 89vw, (max-width: 1000px) 54vw, (max-width: 1071px) 543px, 580px\" \/><\/a><\/figure>\n\n\n\n<p><\/p>\n","protected":false},"excerpt":{"rendered":"<p>Villa SABI est le fruit d\u2019une reconversion, r\u00e9sultat d\u2019un riche parcours professionnel et personnel. Apr\u00e8s avoir obtenu un BAC Tertiaire, j\u2019ai effectu\u00e9 un passage en facult\u00e9 de G\u00e9ographie, puis me suis orient\u00e9e vers un BTS Tourisme. J\u2019ai pu mettre en pratique ses enseignements aupr\u00e8s de plusieurs structures comme l\u2019Office de Tourisme de Crozon, la ville &hellip; <\/p>\n<p class=\"link-more\"><a href=\"https:\/\/villasabi.fr\/?page_id=9\" class=\"more-link\">Continuer la lecture<span class=\"screen-reader-text\"> de &laquo;&nbsp;A propos&nbsp;&raquo;<\/span><\/a><\/p>\n","protected":false},"author":1,"featured_media":475,"parent":0,"menu_order":0,"comment_status":"closed","ping_status":"closed","template":"","meta":{"footnotes":""},"class_list":["post-9","page","type-page","status-publish","has-post-thumbnail","hentry"],"_links":{"self":[{"href":"https:\/\/villasabi.fr\/index.php?rest_route=\/wp\/v2\/pages\/9","targetHints":{"allow":["GET"]}}],"collection":[{"href":"https:\/\/villasabi.fr\/index.php?rest_route=\/wp\/v2\/pages"}],"about":[{"href":"https:\/\/villasabi.fr\/index.php?rest_route=\/wp\/v2\/types\/page"}],"author":[{"embeddable":true,"href":"https:\/\/villasabi.fr\/index.php?rest_route=\/wp\/v2\/users\/1"}],"replies":[{"embeddable":true,"href":"https:\/\/villasabi.fr\/index.php?rest_route=%2Fwp%2Fv2%2Fcomments&post=9"}],"version-history":[{"count":34,"href":"https:\/\/villasabi.fr\/index.php?rest_route=\/wp\/v2\/pages\/9\/revisions"}],"predecessor-version":[{"id":545,"href":"https:\/\/villasabi.fr\/index.php?rest_route=\/wp\/v2\/pages\/9\/revisions\/545"}],"wp:featuredmedia":[{"embeddable":true,"href":"https:\/\/villasabi.fr\/index.php?rest_route=\/wp\/v2\/media\/475"}],"wp:attachment":[{"href":"https:\/\/villasabi.fr\/index.php?rest_route=%2Fwp%2Fv2%2Fmedia&parent=9"}],"curies":[{"name":"wp","href":"https:\/\/api.w.org\/{rel}","templated":true}]}}